-21*j + 40. List the prime factors of f(-13).
313
Suppose -2*a = -5*d + 2*d - 58, 0 = d + 4*a + 38. Let z = d + 12. Let s = z - -42. List the prime factors of s.
2
Let v = -3 - -5. Suppose 3*m = -m. List the prime factors of 0 + m - -21 - v.
19
Let l(i) = -2*i + 43. Let a be l(5). Let u = 72 + a. What are the prime factors of u?
3, 5, 7
Let v(n) = 27*n**2 + 14*n + 80. List the prime factors of v(-7).
3, 5, 29
Suppose 5*i - 2*n = 19 + 2, 3*n - 6 = 0. Suppose -12*a + i*a + 686 = 0. List the prime factors of a.
2, 7
Let h be 0/(-5 - (-1 + -5)). Suppose 2*g - 68 - 118 = h. List the prime factors of g.
3, 31
Suppose 3 - 135 = -3*s. Suppose -z + 2*z = s. List the prime factors of z.
2, 11
Suppose -2*b = 14 - 12. Let m = 1 - b. Suppose l = m*j - 117, 3*j - 84 - 90 = l. What are the prime factors of j?
3, 19
Suppose -31*z = -30*z - 5. Suppose 3*b = 5*f - 3*f + z, 11 = 3*b + f. Suppose -42 = -w - b. List the prime factors of w.
3, 13
Let b = 2220 - 1533. What are the prime factors of b?
3, 229
Suppose 2 = 5*n - 3*g - 15, -1 = -g. Let y = 0 + n. Suppose y*q - 120 = -q. What are the prime factors of q?
2, 3
Suppose -4025 = -4*w - 7*s + 4*s, 0 = s - 3. What are the prime factors of w?
2, 251
What are the prime factors of (-6597)/(-18) - (1/(-2) + 0)?
367
Suppose -3*b - 60 = -0*b. Let x = b + 22. List the prime factors of (-5)/(-10)*72/x.
2, 3
Suppose 2427 = 4*i - 8345. What are the prime factors of i?
2693
Let l be 3/9*321/1. Suppose 3*q - 308 = -l. What are the prime factors of q?
67
Let c = 50 - 53. Let n(w) = 3*w + 2. Let t(x) = x + 1. Let j(f) = -6*n(f) + 13*t(f). List the prime factors of j(c).
2
Let l be (-4)/(-10) + (-6 - (-84)/15). Suppose l = -2*p + 107 + 33. List the prime factors of p.
2, 5, 7
Let r(h) = 12*h**2 + 3*h - 1. Let s = 126 + -122. What are the prime factors of r(s)?
7, 29
Let k(s) = 9*s - 8. Suppose -6*r - 20 - 112 = 0. Let p = r - -26. List the prime factors of k(p).
2, 7
Suppose 14150 = 47*s - 22*s. List the prime factors of s.
2, 283
Let b be ((-12)/(-6))/(4/22). Suppose 5*r - 3*v - 701 = 0, b + 1 = 4*v. What are the prime factors of r?
2, 71
Suppose 119 = -6*t + 605. What are the prime factors of t?
3
Let w(y) = y**2 - 11*y + 23. What are the prime factors of w(19)?
5, 7
Suppose 4*f - 20 = -0*f. Let q = f - 8. Let m = 6 + q. List the prime factors of m.
3
Let l = 24 + -21. Suppose 3*g - 6*c - l = -3*c, 0 = -3*g - 2*c - 12. List the prime factors of g/10 + 184/20.
3
Let d be (-5)/(-2)*(-118 + -14). Let k = d - -226. What are the prime factors of 3/((-1)/(k/12))?
2, 13
Let l(z) = 18*z - 16. Let p(f) be the third derivative of -3*f**4/8 + 4*f**3/3 + 7*f**2. Let b(y) = -4*l(y) - 9*p(y). List the prime factors of b(4).
2, 7
Suppose 0 = -16*o + 19145 + 21143. What are the prime factors of o?
2, 1259
Suppose 25 - 1 = -f. Let u be 6/f - 18/(-8). What are the prime factors of (7/u)/(8/16)?
7
Let c(r) = -r**3 + 4*r**2 + 3*r + 1. Let b be c(5). Let n = -5 - b. Suppose n*w - 68 = -4*q, 0 = 2*q + 4*w - 0*w - 36. What are the prime factors of q?
2
Let p(c) = c**3 - 5*c**2 + 6*c - 6. Let n(y) = 2*y**2 - 3*y + 2. Let j be n(2). Let o be p(j). Suppose 0 = o*k + 3*k - 15. What are the prime factors of k?
3
Suppose -123 = -3*a - t, -a + 4*t - 92 = -3*a. Suppose 0*h + h - a = 0. Suppose -p + 4*o - h = -3*p, 4*p - 4*o = 140. List the prime factors of p.
2, 3, 5
List the prime factors of 6*414/10*(-130)/(-39).
2, 3, 23
Suppose 4*m - 8*m + 56 = 0. Suppose -m*u - 35 = -13*u. Let r = 57 + u. List the prime factors of r.
2, 11
Let k = 27 + 11. Suppose 9 = 4*z + 1. Suppose -z*j + 5*b = -k, 2*b + 5 = 1. What are the prime factors of j?
2, 7
Let d(k) = -k**3 + 18*k**2 + 8*k + 49. List the prime factors of d(16).
13, 53
Suppose -104*y + 12564 = -92*y. What are the prime factors of y?
3, 349
Let j be (9/(-6))/((-1)/(-2)). What are the prime factors of 4 + 71 + 6 + j?
2, 3, 13
Let j be 20/6 + 16/24. Suppose 3*m - j*i - 24 = 12, 4*m = 3*i + 55. List the prime factors of (-68)/(-3)*24/m.
2, 17
Suppose d - 25 = -5*m + 5*d, 3*d + 16 = m. Let q be 0/m*4/(-8). Suppose 4*x + 5*j - 147 = q, 3*j - 12 = -j. List the prime factors of x.
3, 11
Let d(f) = -f**2 + 2*f + 1. Let h be d(-1). List the prime factors of h*(2 - (-220)/(-8)).
3, 17
Let l = 114 - 49. Suppose 0 = 2*x + 3*x - l. Let o = 29 - x. List the prime factors of o.
2
Let g(v) = -2*v - 4. Let u be g(-8). Let f = 12 - u. Suppose f = 5*i + 4*n - 73, 2*n = -2*n + 8. What are the prime factors of i?
13
What are the prime factors of 38/(-5)*(-1 + -14)?
2, 3, 19
Let s(r) = 4*r**2 - 17*r + 8. Let q(m) = m**2 + m - 3. Let v be q(3). List the prime factors of s(v).
179
Let l be (-1 + -1)/(1*-1). Let o be ((-87)/(-6))/(l/(-4)). Let a = 4 - o. List the prime factors of a.
3, 11
Let w(i) = -2*i**2 + 15*i + 3. Let h be w(7). Suppose 3*d - 571 = -2*q + q, -2*q = h. What are the prime factors of d?
2, 3
Suppose 3*s = 15 - 0. Suppose -d + 71 = 3*y, -s*y + 225 = 4*d - d. Suppose 4 = 2*k, b + 3*k + d = 3*b. What are the prime factors of b?
43
Let i(l) = -l - 1. Let h be i(-4). What are the prime factors of 2*(h - 395/(-10))?
5, 17
Suppose 88096 = -14*w + 46*w. What are the prime factors of w?
2753
Let s(q) = -2*q**3 + 69*q**2 - 3*q + 229. List the prime factors of s(34).
1283
Let a(u) = u**3 + 8*u**2 - 3*u - 1. Let n be -3 + 1 - (-24)/4. Suppose -2*k - 38 = -5*s - 7, 4*k + 44 = n*s. List the prime factors of a(k).
23
Let n = -592 + 2476. What are the prime factors of n?
2, 3, 157
Suppose 0 = 2*b + 5*y - 9, -9 = -3*b - b - y. Suppose 3*s - 5 = m, 0 = m - 0*m - b*s + 2. List the prime factors of m.
2
Let l = 0 - -8. Let c = -157 + 275. Suppose c - l = 5*a. List the prime factors of a.
2, 11
Let s = 27 + -6. Suppose -2*i = -f - 5, 5*i - s + 5 = -f. Suppose -5*x = -5*v + 130, -4*v + 11 = i*x - 86. List the prime factors of v.
5
Suppose 3 = 14*h - 81. Suppose 5*l - 480 = 4*b, -4*l + 375 = b - h*b. What are the prime factors of l?
2, 5
Let k(g) = g**2 - 13*g + 2. Let o be k(8). Let q = -20 - o. Suppose -5*m + 148 = q. List the prime factors of m.
2, 13
Let f = -474 + 1018. What are the prime factors of f?
2, 17
Suppose -a - 15 = -6*a. Let v be 0*(a + -2)/1. Suppose v = -4*g + 53 + 7. What are the prime factors of g?
3, 5
Suppose l = -5*h + 250, 40*l + 5*h - 720 = 37*l. List the prime factors of l.
5, 47
Let r(j) = 110*j**2 - 5*j + 19. What are the prime factors of r(3)?
2, 7, 71
Let i(g) = -8*g**2 + g + 4. Let c be i(2). Let d = c - -31. Suppose -d*l - 3*f = -227, 90 = 2*l + f - 0*f. What are the prime factors of l?
43
Let a(w) = -w**2 + 5*w + 6. Let g be 4/(-10) + (-324)/(-60). Let t be a(g). What are the prime factors of (-9)/t*(-74)/3?
37
Suppose 5 = -i + 176. Suppose -4*h = -7*h + i. List the prime factors of h.
3, 19
Let x = -3 - 0. Let o = -1 - x. Suppose 0 = o*k + 2 - 18. What are the prime factors of k?
2
Let z = 1466 - 1116. What are the prime factors of z?
2, 5, 7
Let c(j) = j**2 - 11*j + 2. Let v be c(8). Let q = v + 33. What are the prime factors of q?
11
Let l(d) = 3*d**2 + 5*d - 3. Let q(j) = -j. Let a be q(7). Let r be l(a). Suppose -210 = -5*x + 2*i - 7*i, 0 = -2*x + 3*i + r. List the prime factors of x.
47
Let w = 863 + -336. What are the prime factors of w?
17, 31
Suppose -2*k = 3*i - 4 + 2, 4*i + k + 4 = 0. List the prime factors of 4 + i + 0 + 92.
2, 47
Suppose 6 = -3*i, 5*p = -i + 103 + 4850. What are the prime factors of p?
991
Suppose 0 = w - 10 + 5. Suppose 0 = m - 2*v - 36, -w*v + 210 = 5*m - 0*v. List the prime factors of m.
2, 5
Let u(z) = z**2 - 6*z + 9. Let l be u(5). Suppose 2*r - 4*r + 152 = 4*i, 3*r - l*i = 238. What are the prime factors of r?
2, 3, 13
Let l(f) be the third derivative of 1/15*f**5 - f**2 + 0*f - 1/12*f**4 + 0 + 1/3*f**3. List the prime factors of l(-3).
2, 11
List the prime factors of 4 + 5*-141*4/(-6).
2, 3, 79
Suppose -12 = -5*b - 2. Suppose 0 = -4*y - 3*n + 93, 3*y + 4*n - 7 = b*y. Let s = y - 20. List the prime factors of s.
7
Suppose -q - 2 = 0, 5*q = s - 2*s + 50. Suppose 5*z = -3*a + a + 37, -4*a + s = -4*z. List the prime factors of a.
2
Let x(c) = 700*c + 22. What are the prime factors of x(2)?
2, 3, 79
Let g(q) be the third derivative of 17*q**4/24 + 16*q**3/3 - 25*q**2. What are the prime factors of g(6)?
2, 67
Let o(a) be the first derivative of -a**4/4 + 7*a**2/2 - 3*